{"id":35,"date":"2017-02-13T15:22:18","date_gmt":"2017-02-13T14:22:18","guid":{"rendered":"http:\/\/telefonmann-owl.de\/?page_id=35"},"modified":"2017-02-13T15:26:33","modified_gmt":"2017-02-13T14:26:33","slug":"edv","status":"publish","type":"page","link":"https:\/\/telefonmann-owl.de\/?page_id=35","title":{"rendered":"EDV"},"content":{"rendered":"<div>\n<div class=\"Normal-P\"><span class=\"Normal-C0\">Unsere Erfahrung zeigt, dass eine Komplettl\u00f6sung aus einer Hand<br \/>\n<\/span> <span class=\"Normal-C0\">die zuverl\u00e4ssigste in unserer schnellebigen Branche ist.<br \/>\n<\/span> <span class=\"Normal-C0\"><br \/>\n<\/span> <span class=\"Normal-C0\">Durch unseren Computer Komplett-<wbr \/>Service k\u00f6nnen wir schnellstm\u00f6glich<br \/>\n<\/span> <span class=\"Normal-C0\">Probleme beseitigen, da wir genau wissen, wie Ihre Computeranlage<br \/>\n<\/span> <span class=\"Normal-C0\">konfiguriert ist.<br \/>\n<\/span> <span class=\"Normal-C0\"><br \/>\n<\/span> <span class=\"Normal-C0\">Unser Leistungsspektrum umfasst folgende Aufgaben:<br \/>\n<\/span> <span class=\"Normal-C0\"><br \/>\n<\/span> <span class=\"Normal-C0\"> \u00a0\u00a0\u00a0* Beratung und Planung rund um den Computer<br \/>\n<\/span> <span class=\"Normal-C0\"> \u00a0\u00a0\u00a0* Beschaffung und Vertrieb von leistungsgerechter Hardware und kundenorientierter Software<br \/>\n<\/span> <span class=\"Normal-C0\"> \u00a0\u00a0\u00a0* Virenschutz und Beseitigung<br \/>\n<\/span> <span class=\"Normal-C0\"> \u00a0\u00a0\u00a0* Softwareschulungen vor Ort<br \/>\n<\/span> <span class=\"Normal-C0\"> \u00a0\u00a0\u00a0* Fernwartung<br \/>\n<\/span> <span class=\"Normal-C0\"> \u00a0\u00a0\u00a0* Wartung , Reparatur und Pflege<br \/>\n<\/span> <span class=\"Normal-C0\"><br \/>\n<\/span> <span class=\"Normal-C0\">Gerne sind wir auch in den einzelnen Sparten Ihr zuverl\u00e4ssiger Partner<\/span><span class=\"Normal-C1\">.<\/span><\/div>\n<\/div>\n","protected":false},"excerpt":{"rendered":"<p>Unsere Erfahrung zeigt, dass eine Komplettl\u00f6sung aus einer Hand die zuverl\u00e4ssigste in unserer schnellebigen Branche ist. Durch unseren Computer Komplett-Service k\u00f6nnen wir schnellstm\u00f6glich Probleme beseitigen, da wir genau wissen, wie &#8230;<\/p>\n","protected":false},"author":1,"featured_media":0,"parent":0,"menu_order":0,"comment_status":"closed","ping_status":"closed","template":"","meta":{"footnotes":""},"_links":{"self":[{"href":"https:\/\/telefonmann-owl.de\/index.php?rest_route=\/wp\/v2\/pages\/35"}],"collection":[{"href":"https:\/\/telefonmann-owl.de\/index.php?rest_route=\/wp\/v2\/pages"}],"about":[{"href":"https:\/\/telefonmann-owl.de\/index.php?rest_route=\/wp\/v2\/types\/page"}],"author":[{"embeddable":true,"href":"https:\/\/telefonmann-owl.de\/index.php?rest_route=\/wp\/v2\/users\/1"}],"replies":[{"embeddable":true,"href":"https:\/\/telefonmann-owl.de\/index.php?rest_route=%2Fwp%2Fv2%2Fcomments&post=35"}],"version-history":[{"count":3,"href":"https:\/\/telefonmann-owl.de\/index.php?rest_route=\/wp\/v2\/pages\/35\/revisions"}],"predecessor-version":[{"id":53,"href":"https:\/\/telefonmann-owl.de\/index.php?rest_route=\/wp\/v2\/pages\/35\/revisions\/53"}],"wp:attachment":[{"href":"https:\/\/telefonmann-owl.de\/index.php?rest_route=%2Fwp%2Fv2%2Fmedia&parent=35"}],"curies":[{"name":"wp","href":"https:\/\/api.w.org\/{rel}","templated":true}]}}